the prime factors of 44893.
44893
List the prime factors of 1742.
2, 13, 67
List the prime factors of 1268.
2, 317
List the prime factors of 1430.
2, 5, 11, 13
List the prime factors of 573.
3, 191
What are the prime factors of 92099?
7, 59, 223
What are the prime factors of 29633?
29633
What are the prime factors of 47516?
2, 7, 1697
List the prime factors of 26064.
2, 3, 181
What are the prime factors of 2608?
2, 163
List the prime factors of 778.
2, 389
List the prime factors of 1606.
2, 11, 73
List the prime factors of 6409.
13, 17, 29
List the prime factors of 43432.
2, 61, 89
What are the prime factors of 35512?
2, 23, 193
What are the prime factors of 2587?
13, 199
List the prime factors of 2140.
2, 5, 107
List the prime factors of 685.
5, 137
List the prime factors of 1710.
2, 3, 5, 19
What are the prime factors of 62163?
3, 6907
What are the prime factors of 13135?
5, 37, 71
What are the prime factors of 95542?
2, 23, 31, 67
What are the prime factors of 119?
7, 17
List the prime factors of 222.
2, 3, 37
What are the prime factors of 1133?
11, 103
List the prime factors of 57136.
2, 3571
List the prime factors of 4123.
7, 19, 31
What are the prime factors of 6833?
6833
List the prime factors of 1213.
1213
List the prime factors of 81181.
81181
List the prime factors of 16041.
3, 5347
What are the prime factors of 7248?
2, 3, 151
List the prime factors of 782.
2, 17, 23
List the prime factors of 17672.
2, 47
List the prime factors of 12119.
12119
What are the prime factors of 8445?
3, 5, 563
What are the prime factors of 87?
3, 29
What are the prime factors of 1606?
2, 11, 73
What are the prime factors of 110219?
19, 5801
List the prime factors of 571.
571
List the prime factors of 20868.
2, 3, 37, 47
List the prime factors of 9001.
9001
What are the prime factors of 24133?
24133
What are the prime factors of 3028?
2, 757
List the prime factors of 304.
2, 19
What are the prime factors of 1374?
2, 3, 229
What are the prime factors of 13816?
2, 11, 157
What are the prime factors of 398?
2, 199
What are the prime factors of 14414?
2, 7207
List the prime factors of 49822.
2, 29, 859
What are the prime factors of 20369?
20369
What are the prime factors of 75454?
2, 31, 1217
List the prime factors of 763.
7, 109
What are the prime factors of 6093?
3, 677
What are the prime factors of 9761?
43, 227
List the prime factors of 84039.
3, 109, 257
List the prime factors of 39135.
3, 5, 2609
What are the prime factors of 3571?
3571
List the prime factors of 26971.
7, 3853
List the prime factors of 825.
3, 5, 11
List the prime factors of 12212.
2, 43, 71
List the prime factors of 70716.
2, 3, 71, 83
What are the prime factors of 6896?
2, 431
List the prime factors of 63174.
2, 3, 10529
List the prime factors of 386.
2, 193
List the prime factors of 30894.
2, 3, 19, 271
What are the prime factors of 3654?
2, 3, 7, 29
List the prime factors of 4218.
2, 3, 19, 37
What are the prime factors of 52099?
53, 983
What are the prime factors of 2620?
2, 5, 131
What are the prime factors of 2004?
2, 3, 167
List the prime factors of 61952.
2, 11
List the prime factors of 1995.
3, 5, 7, 19
List the prime factors of 1063.
1063
What are the prime factors of 3908?
2, 977
List the prime factors of 20450.
2, 5, 409
List the prime factors of 3838.
2, 19, 101
List the prime factors of 1004.
2, 251
What are the prime factors of 86273?
11, 23, 31
List the prime factors of 177559.
353, 503
What are the prime factors of 359?
359
List the prime factors of 15354.
2, 3, 853
List the prime factors of 20306.
2, 11, 13, 71
What are the prime factors of 1011?
3, 337
What are the prime factors of 827?
827
List the prime factors of 4835.
5, 967
List the prime factors of 6022.
2, 3011
What are the prime factors of 418?
2, 11, 19
What are the prime factors of 1046?
2, 523
List the prime factors of 47.
47
List the prime factors of 12847.
29, 443
What are the prime factors of 2212?
2, 7, 79
List the prime factors of 132.
2, 3, 11
List the prime factors of 79226.
2, 7, 5659
List the prime factors of 30.
2, 3, 5
List the prime factors of 248.
2, 31
List the prime factors of 2343.
3, 11, 71
List the prime factors of 740.
2, 5, 37
List the prime factors of 46635.
3, 5, 3109
What are the prime factors of 2265?
3, 5, 151
List the prime factors of 26309.
26309
List the prime factors of 3932.
2, 983
List the prime factors of 65401.
7, 9343
List the prime factors of 15603.
3, 7, 743
List the prime factors of 8407.
7, 1201
List the prime factors of 2591.
2591
What are the prime factors of 3157?
7, 11, 41
List the prime factors of 5970.
2, 3, 5, 199
List the prime factors of 6108.
2, 3, 509
List the prime factors of 6479.
11, 19, 31
List the prime factors of 7549.
7549
What are the prime factors of 20548?
2, 11, 467
What are the prime factors of 9046?
2, 4523
List the prime factors of 773.
773
What are the prime factors of 54840?
2, 3, 5, 457
What are the prime factors of 12035?
5, 29, 83
What are the prime factors of 5718?
2, 3, 953
What are the prime factors of 13010?
2, 5, 1301
List the prime factors of 8642.
2, 29, 149
What are the prime factors of 2213?
2213
List the prime factors of 1092.
2, 3, 7, 13
List the prime factors of 2515.
5, 503
What are the prime factors of 32478?
2, 3, 5413
List the prime factors of 1688.
2, 211
List the prime factors of 17219.
67, 257
What are the prime factors of 552?
2, 3, 23
What are the prime factors of 114537?
3, 73, 523
What are the prime factors of 24307?
109, 223
What are the prime factors of 128314?
2, 64157
List the prime factors of 69967.
31, 37, 61
List the prime factors of 38021.
193, 197
List the prime factors of 6888.
2, 3, 7, 41
What are the prime factors of 4518?
2, 3, 251
List the prime factors of 580.
2, 5, 29
List the prime factors of 8175.
3, 5, 109
What are the prime factors of 14612?
2, 13, 281
What are the prime factors of 26228?
2, 79, 83
What are the prime factors of 7276?
2, 17, 107
What are the prime factors of 133594?
2, 66797
List the prime factors of 13006.
2, 7, 929
What are the prime factors of 2480?
2, 5, 31
What are the prime factors of 1895?
5, 379
List the prime factors of 17646.
2, 3, 17, 173
List the prime factors of 2534.
2, 7, 181
What are the prime factors of 874?
2, 19, 23
List the prime factors of 13003.
13003
What are the prime factors of 489?
3, 163
What are the prime factors of 6733?
6733
What are the prime factors of 852?
2, 3, 71
List the prime factors of 26566.
2, 37, 359
What are the prime factors of 453?
3, 151
List the prime factors of 201.
3, 67
List the prime factors of 27201.
3, 9067
What are the prime factors of 1393?
7, 199
List the prime factors of 2473.
2473
List the prime factors of 290.
2, 5, 29
What are the prime factors of 8470?
2, 5, 7, 11
List the prime factors of 104.
2, 13
What are the prime factors of 6077?
59, 103
List the prime factors of 6081.
3, 2027
List the prime factors of 2152.
2, 269
List the prime factors of 1515.
3, 5, 101
What are the prime factors of 10775?
5, 431
What are the prime factors of 1925?
5, 7, 11
List the prime factors of 1445.
5, 17
List the prime factors of 4916.
2, 1229
What are the prime factors of 23480?
2, 5, 587
List the prime factors of 16898.
2, 7, 17, 71
What are the prime factors of 4352?
2, 17
List the prime factors of 80199.
3, 7, 19, 67
What are the prime factors of 27286?
2, 7, 1949
What are the prime factors of 8980?
2, 5, 449
What are the prime factors of 2217?
3, 739
What are the prime factors of 13859?
13859
What are the prime factors of 4655?
5, 7, 19
List the prime factors of 8633.
89, 97
List the prime factors of 22556.
2, 5639
What are the prime factors of 195?
3, 5, 13
What are the prime factors of 66092?
2, 13, 31, 41
List the prime factors of 41942.
2, 67, 313
List the prime factors of 24593.
24593
List the prime factors of 23070.
2, 3, 5, 769
What are the prime factors of 1013?
1013
What are the prime factors of 4411?
11, 401
List the prime factors of 279.
3, 31
List the prime factors of 10249.
37, 277
List the prime factors of 18555.
3, 5, 1237
What are the prime factors of 432?
2, 3
What are the prime factors of 12311?
13, 947
What are the prime factors of 22350?
2, 3, 5, 149
List the prime factors of 2290.
2, 5, 229
List the prime fact